 548 a multiple of 28?
False
Does 16 divide 1904?
True
Does 19 divide 56779?
False
Is 7130 a multiple of 37?
False
Is 14 a factor of 1444?
False
Is 23 a factor of 1058?
True
Is 11 a factor of 66?
True
Is 45 a factor of 1260?
True
Is 15 a factor of 145?
False
Is 35 even?
False
Is 43431 a multiple of 28?
False
Is 4 a factor of 408?
True
Is 20061 a multiple of 33?
False
Is 30160 a multiple of 116?
True
Is 9516 a multiple of 33?
False
Does 10 divide 4350?
True
Does 28 divide 297?
False
Is 15210 a multiple of 90?
True
Is 68 a factor of 35972?
True
Is 257 a multiple of 12?
False
Does 53 divide 3526?
False
Is 3825 a multiple of 85?
True
Does 40 divide 380?
False
Is 2 a factor of 52?
True
Is 15557 a multiple of 11?
False
Does 13 divide 468?
True
Is 19 a factor of 3637?
False
Is 2 a factor of 18869?
False
Does 61 divide 488?
True
Does 35 divide 13475?
True
Does 52 divide 27040?
True
Is 544 a multiple of 29?
False
Is 891 a multiple of 27?
True
Is 60 a multiple of 15?
True
Is 28 a factor of 476?
True
Is 86 a factor of 12418?
False
Is 13 a factor of 74763?
True
Is 3330 a multiple of 33?
False
Is 14832 a multiple of 18?
True
Does 23 divide 1953?
False
Does 7 divide 1053?
False
Does 15 divide 71600?
False
Is 42 a factor of 1050?
True
Does 3 divide 207?
True
Is 2559 a multiple of 6?
False
Is 32 a factor of 37920?
True
Is 92 a factor of 12420?
True
Does 284 divide 51972?
True
Does 8 divide 389?
False
Is 70599 a multiple of 30?
False
Is 32 a factor of 859?
False
Does 10 divide 439?
False
Is 12 a factor of 14168?
False
Does 8 divide 2241?
False
Is 29400 a multiple of 6?
True
Is 6 a factor of 222?
True
Is 27322 a multiple of 5?
False
Does 15 divide 63?
False
Is 90 a factor of 6210?
True
Does 4 divide 3928?
True
Is 8 a factor of 1448?
True
Is 8 a factor of 17270?
False
Is 60 a factor of 1260?
True
Does 4 divide 29152?
True
Does 13 divide 32465?
False
Is 2197 a multiple of 13?
True
Is 83 a factor of 10126?
True
Is 27 a factor of 2257?
False
Is 2 a factor of 1044?
True
Is 3225 a multiple of 43?
True
Is 343 a multiple of 15?
False
Does 3 divide 4591?
False
Is 40 a factor of 184?
False
Does 10 divide 300?
True
Is 10008 a multiple of 3?
True
Is 4 a factor of 4392?
True
Is 5 a factor of 1280?
True
Is 94 a factor of 60504?
False
Is 7 a factor of 611?
False
Is 235 a multiple of 5?
True
Does 18 divide 3078?
True
Is 14 a factor of 672?
True
Is 1012 a multiple of 22?
True
Is 486 a multiple of 27?
True
Does 28 divide 619?
False
Does 4 divide 1386?
False
Does 26 divide 2353?
False
Does 6 divide 256?
False
Is 338 a multiple of 2?
True
Is 1612 a multiple of 25?
False
Is 3 a factor of 781?
False
Does 2 divide 11?
False
Does 20 divide 345?
False
Is 163050 a multiple of 75?
True
Is 4407 a multiple of 43?
False
Does 10 divide 53135?
False
Is 51 a factor of 23157?
False
Is 1109 a multiple of 12?
False
Is 8 a factor of 11233?
False
Is 41 a factor of 4756?
True
Is 750 a multiple of 32?
False
Does 4 divide 3340?
True
Is 21 a factor of 10311?
True
Is 396 a factor of 45936?
True
Is 17 a factor of 3463?
False
Does 6 divide 33834?
True
Is 956 even?
True
Is 1665 a multiple of 45?
True
Is 2669 a multiple of 10?
False
Does 2 divide 74?
True
Is 3 a factor of 318?
True
Does 47 divide 6016?
True
Does 10 divide 41855?
False
Is 1635 a multiple of 73?
False
Is 2782 a multiple of 26?
True
Is 151 a factor of 1177?
False
Does 6 divide 23688?
True
Does 11 divide 968?
True
Is 4010 a multiple of 10?
True
Is 17 a factor of 5068?
False
Is 19 a factor of 43510?
True
Is 2909 a multiple of 105?
False
Is 4881 even?
False
Does 47 divide 705?
True
Does 11 divide 5797?
True
Is 36 a factor of 4860?
True
Is 163 a multiple of 10?
False
Is 818 a multiple of 15?
False
Does 48 divide 882?
False
Is 1247 a multiple of 35?
False
Is 2552 a multiple of 8?
True
Is 34 a factor of 68?
True
Is 6 a factor of 138?
True
Is 148 a multiple of 34?
False
Is 21194 a multiple of 12?
False
Is 117 a factor of 6326?
False
Is 200 a multiple of 25?
True
Is 66 a factor of 4290?
True
Is 1909 a multiple of 83?
True
Is 73 a factor of 3869?
True
Is 2080 a multiple of 4?
True
Is 925 a multiple of 96?
False
Is 1900 a multiple of 38?
True
Is 27 a multiple of 5?
False
Is 68 a factor of 15468?
False
Does 8 divide 904?
True
Does 35 divide 175?
True
Is 12 a factor of 79972?
False
Is 42917 a multiple of 12?
False
Does 19 divide 1292?
True
Is 1311 a multiple of 9?
False
Does 13 divide 117?
True
Is 44854 a multiple of 17?
False
Is 157 a multiple of 4?
False
Is 49 a factor of 42140?
True
Does 88 divide 20568?
False
Is 13 a factor of 707?
False
Does 33 divide 3686?
False
Is 13686 a multiple of 58?
False
Is 2112 a multiple of 96?
True
Is 23 a factor of 2944?
True
Does 8 divide 448?
True
Is 8 a factor of 592?
True
Does 18 divide 162?
True
Is 29 a factor of 481?
False
Does 12 divide 29159?
False
Is 29 a factor of 60328?
False
Is 18425 a multiple of 11?
True
Does 27 divide 2629?
False
Does 3 divide 9?
True
Does 119 divide 54978?
True
Is 36 a factor of 720?
True
Is 140 a factor of 6860?
True
Does 4 divide 284?
True
Is 128 a factor of 6272?
True
Is 105 a multiple of 5?
True
Is 9340 a multiple of 67?
False
Is 3124 a multiple of 26?
False
Is 25 a factor of 6725?
True
Is 46 a factor of 4416?
True
Is 13110 a multiple of 163?
False
Is 6232 a multiple of 81?
False
Does 93 divide 3407?
False
Does 36 divide 1332?
True
Does 17 divide 13538?
False
Is 13728 a multiple of 24?
True
Is 10 a factor of 3551?
False
Is 25 a factor of 36000?
True
Is 171 a factor of 17149?
False
Is 3408 a multiple of 16?
True
Does 33 divide 10529?
False
Is 19143 a multiple of 3?
True
Does 6 divide 1368?
True
Is 896 a multiple of 56?
True
Does 4 divide 477?
False
Does 90 divide 9000?
True
Is 2352 a multiple of 84?
True
Is 986 a multiple of 20?
False
Is 1499 a multiple of 3?
False
Does 31 divide 65379?
True
Does 14 divide 408?
False
Does 9 divide 180?
True
Is 3605 a multiple of 49?
False
Is 24 a factor of 2688?
True
Is 125757 a multiple of 89?
True
Is 113 a factor of 7910?
True
Does 6 divide 1754?
False
Does 50 divide 4584?
False
Is 9 a factor of 26?
False
Does 9 divide 459?
True
Is 43456 a multiple of 16?
True
Is 56 a factor of 373?
False
Does 5 divide 2088?
False
Does 192 divide 17088?
True
Is 2 a factor of 734?
True
Is 13 a factor of 4259?
False
Is 39 a factor of 61815?
True
Is 9 a factor of 2538?
True
Is 20 a factor of 4170?
False
Does 31 divide 78838?
False
Does 26 divide 3250?
True
Does 14 divide 8862?
True
Is 29 a factor of 1335?
False
Is 14397 a multiple of 12?
False
Does 40 divide 59080?
True
Does 191 divide 18289?
False
Is 7473 a multiple of 21?
False
Is 29700 a multiple of 11?
True
Is 7 a factor of 4655?
True
Is 7 a factor of 847?
True
Is 3731 a multiple of 13?
True
Does 8 divide 9822?
False
Is 501 a multiple of 53?
False
Does 41 divide 8938?
True
Is 838 a multiple of 4?
False
Does 129 divide 3266?
False
Does 19 divide 8208?
True
Is 216 a factor of 43232?
False
Is 5440 a multiple of 4?
True
Is 17136 a multiple of 102?
True
Is 13 a factor of 1076?
False
Does 5 divide 235?
True
Does 60 divide 180?
True
Is 518 a multiple of 3?
False
Is 13314 a multiple of 14?
True
Is 46707 a multiple of 36?
False
Is 2925 a multiple of 39?
True
Is 78 a factor of 1248?
True
Is 78 a factor of 936?
True
Is 6 a factor of 519?
False
Is 17556 a multiple of 114?
True
Is 1685 a multiple of 20?
False
Is 26 a factor of 2574?
True
Is 7 a factor of 567?
True
Does 3 divide 2910?
True
Is 5073 a multiple of 89?
True
Is 127 a factor of 5241?
False
Does 199 divide 60297?
True
Is 45588 a multiple of 114?
False
Is 3864 a multiple of 19?
False
Is 22 a factor of 921?
False
Is 7668 a multiple of 18?
True
Is 7425 a multiple of 99?
True
Does 53 divide 50774?
True
Is 4704 a multiple of 75?
False
Is 517 a multiple of 45?
False
Is 9135 a multiple of 45?
True
Does 40 divide 4440?
True
Is 277 a multiple of 7?
False
Is 899 a multiple of 29?
True
Is 23 a factor of 2840?
False
Is 31833 a multiple of 153?
False
Is 1555 a multiple of 36?
False
Is 2 a factor of 447?
False
Is 63 a factor of 3575?
False
Does 7 divide 447?
False
Is 2 a factor of 80?
True
Is 726 a multiple of 6?
True
Does 5 divide 4107?
False
Is 680 a multiple of 68?
True
Is 3134 a multiple of 21?
False
Is 459 a multiple of 11?
False
Is 36 a factor of 1620?
True
Does 232 divide 